{"id":261,"date":"2016-11-10T14:10:13","date_gmt":"2016-11-10T13:10:13","guid":{"rendered":"http:\/\/emr.eear.eu\/emr_wp\/home\/das-emr\/vorstand\/"},"modified":"2026-02-12T10:05:25","modified_gmt":"2026-02-12T09:05:25","slug":"vorstand","status":"publish","type":"page","link":"https:\/\/emr-sb.de\/fr\/das-emr\/vorstand\/","title":{"rendered":"Vorstand"},"content":{"rendered":"<p>Der Vorstand des Instituts f\u00fcr Europ\u00e4isches Medienrecht e.V. besteht aus dem Vorstandsvorsitzenden und mindestens sechs weiteren Mitgliedern.<\/p>\n<p>Er ist neben der Mitgliederversammlung ein Organ des Instituts und wird von dieser f\u00fcr die Dauer von vier Jahren gew\u00e4hlt. Seine plurale Zusammensetzung reflektiert den neutralen, Mediensektoren \u00fcbergreifenden Ansatz des Instituts. Die einschl\u00e4gigen Fachkenntnisse, Erfahrungen und Interessen der Mitglieder untermauern auch den Ruf des EMR als renommierte Forschungs- und Beratungseinrichtung auf dem Gebiet von Medienrecht und \u2013politik in Europa samt verwandter Rechtsgebiete die mit dem Mediensektor Ber\u00fchrungspunkte aufweisen.<\/p>\n<p>Zur F\u00fchrung der laufenden Gesch\u00e4fte beruft der Vorstand ein dreik\u00f6pfiges Direktorium, bestehend aus dem Direktor, dem Wissenschaftlichen Direktor und dem gesch\u00e4ftsf\u00fchrenden Vorstandsmitglied, welches ihn in jeder, der mindestens viertelj\u00e4hrlich stattfindenden Vorstandssitzungen \u00fcber die laufenden Gesch\u00e4fte und die Entwicklung des Instituts informiert. Der Vorstand kann zudem einen Forschungsbeirat und\/ oder einen Beirat der F\u00f6rderer des Instituts bestellen.<\/p>\n<p>Der derzeitige Vorsitzende des Vorstandes ist:<\/p>\n<ul>\n<li><a href=\"https:\/\/emr-sb.de\/das-emr\/vorstand\/professor-dr-stephan-ory\/\">Prof. Dr. Stephan Ory<\/a><\/li>\n<\/ul>\n<p>Die aktuellen Mitglieder des Vorstandes sind:<\/p>\n<ul>\n<li><a href=\"https:\/\/emr-sb.de\/das-emr\/vorstand\/der-erste-stellvertretende-vorstandsvorsitzende-reinhold-kopp\/\">Reinhold Kopp<\/a> (Erster stellvertretender Vorstandsvorsitzender)<\/li>\n<li><a href=\"https:\/\/emr-sb.de\/das-emr\/vorstand\/dr-joerg-ukrow\/\">Dr. J\u00f6rg Ukrow<\/a> (Zweiter stellvertretender Vorstandsvorsitzender)<\/li>\n<li><a href=\"https:\/\/emr-sb.de\/das-emr\/vorstand\/kristin-benedikt\/\">Kristin Benedikt<\/a><\/li>\n<li><a href=\"https:\/\/emr-sb.de\/das-emr\/vorstand\/ross-biggam\/\">Ross Biggam<\/a><\/li>\n<li><a href=\"https:\/\/emr-sb.de\/das-emr\/vorstand\/5054-2\/\">Michael Ellwanger<\/a><\/li>\n<li><a href=\"https:\/\/emr-sb.de\/das-emr\/vorstand\/sabine-frank\/\">Sabine Frank<\/a><\/li>\n<li><a href=\"https:\/\/emr-sb.de\/das-emr\/vorstand\/dr-alexander-kleist\/\">Dr. Alexander Kleist<\/a><\/li>\n<li><a href=\"https:\/\/emr-sb.de\/das-emr\/vorstand\/dr-daniel-knapp\/\">Dr. Daniel Knapp<\/a><\/li>\n<li><a href=\"https:\/\/emr-sb.de\/das-emr\/vorstand\/richard-deicke\/\">Sandra Probst<\/a><\/li>\n<li><a href=\"https:\/\/emr-sb.de\/das-emr\/vorstand\/bernd-radeck\/\">Bernd Radeck<\/a><\/li>\n<li><a href=\"https:\/\/emr-sb.de\/das-emr\/vorstand\/felix-seidel\/\">Felix Seidel<\/a><\/li>\n<li><a href=\"https:\/\/emr-sb.de\/das-emr\/vorstand\/dr-christopher-wolf-2\/\">Dr. Christopher Wolf<\/a><\/li>\n<li><a href=\"https:\/\/emr-sb.de\/das-emr\/vorstand\/peter-matzneller\/\">Peter Matzneller, LL.M. Eur. (kooptiert)<\/a><\/li>\n<li><a href=\"https:\/\/emr-sb.de\/das-emr\/vorstand\/dr-martin-rupp\/\">Dr. Martin Rupp (kooptiert)<\/a><\/li>\n<li><a href=\"https:\/\/emr-sb.de\/das-emr\/vorstand\/sonnia-wuest\/\">Sonnia W\u00fcst (kooptiert)<\/a><\/li>\n<\/ul>\n","protected":false},"excerpt":{"rendered":"<p>Der Vorstand des Instituts f\u00fcr Europ\u00e4isches Medienrecht e.V. besteht aus dem Vorstandsvorsitzenden und mindestens sechs weiteren Mitgliedern. Er ist neben der Mitgliederversammlung ein Organ des Instituts und wird von dieser f\u00fcr die Dauer von vier Jahren gew\u00e4hlt. Seine plurale Zusammensetzung reflektiert den neutralen, Mediensektoren \u00fcbergreifenden Ansatz des Instituts. Die einschl\u00e4gigen Fachkenntnisse, Erfahrungen und Interessen der [&hellip;]<\/p>\n","protected":false},"author":1,"featured_media":0,"parent":196,"menu_order":3,"comment_status":"closed","ping_status":"closed","template":"","meta":{"_et_pb_use_builder":"","_et_pb_old_content":"","_et_gb_content_width":"","footnotes":""},"class_list":["post-261","page","type-page","status-publish","hentry"],"translation":{"provider":"WPGlobus","version":"3.0.2","language":"fr","enabled_languages":["de","fr","gb"],"languages":{"de":{"title":true,"content":true,"excerpt":false},"fr":{"title":false,"content":false,"excerpt":false},"gb":{"title":false,"content":false,"excerpt":false}}},"_links":{"self":[{"href":"https:\/\/emr-sb.de\/fr\/wp-json\/wp\/v2\/pages\/261","targetHints":{"allow":["GET"]}}],"collection":[{"href":"https:\/\/emr-sb.de\/fr\/wp-json\/wp\/v2\/pages"}],"about":[{"href":"https:\/\/emr-sb.de\/fr\/wp-json\/wp\/v2\/types\/page"}],"author":[{"embeddable":true,"href":"https:\/\/emr-sb.de\/fr\/wp-json\/wp\/v2\/users\/1"}],"replies":[{"embeddable":true,"href":"https:\/\/emr-sb.de\/fr\/wp-json\/wp\/v2\/comments?post=261"}],"version-history":[{"count":30,"href":"https:\/\/emr-sb.de\/fr\/wp-json\/wp\/v2\/pages\/261\/revisions"}],"predecessor-version":[{"id":8027,"href":"https:\/\/emr-sb.de\/fr\/wp-json\/wp\/v2\/pages\/261\/revisions\/8027"}],"up":[{"embeddable":true,"href":"https:\/\/emr-sb.de\/fr\/wp-json\/wp\/v2\/pages\/196"}],"wp:attachment":[{"href":"https:\/\/emr-sb.de\/fr\/wp-json\/wp\/v2\/media?parent=261"}],"curies":[{"name":"wp","href":"https:\/\/api.w.org\/{rel}","templated":true}]}}

<p>Der Vorstand des Instituts für Europäisches Medienrecht e.V. besteht aus dem Vorstandsvorsitzenden und mindestens sechs weiteren Mitgliedern.</p>
<p>Er ist neben der Mitgliederversammlung ein Organ des Instituts und wird von dieser für die Dauer von vier Jahren gewählt. Seine plurale Zusammensetzung reflektiert den neutralen, Mediensektoren übergreifenden Ansatz des Instituts. Die einschlägigen Fachkenntnisse, Erfahrungen und Interessen der Mitglieder untermauern auch den Ruf des EMR als renommierte Forschungs- und Beratungseinrichtung auf dem Gebiet von Medienrecht und –politik in Europa samt verwandter Rechtsgebiete die mit dem Mediensektor Berührungspunkte aufweisen.</p>
<p>Zur Führung der laufenden Geschäfte beruft der Vorstand ein dreiköpfiges Direktorium, bestehend aus dem Direktor, dem Wissenschaftlichen Direktor und dem geschäftsführenden Vorstandsmitglied, welches ihn in jeder, der mindestens vierteljährlich stattfindenden Vorstandssitzungen über die laufenden Geschäfte und die Entwicklung des Instituts informiert. Der Vorstand kann zudem einen Forschungsbeirat und/ oder einen Beirat der Förderer des Instituts bestellen.</p>
<p>Der derzeitige Vorsitzende des Vorstandes ist:</p>
<ul>
<li><a href="https://emr-sb.de/das-emr/vorstand/professor-dr-stephan-ory/">Prof. Dr. Stephan Ory</a></li>
</ul>
<p>Die aktuellen Mitglieder des Vorstandes sind:</p>
<ul>
<li><a href="https://emr-sb.de/das-emr/vorstand/der-erste-stellvertretende-vorstandsvorsitzende-reinhold-kopp/">Reinhold Kopp</a> (Erster stellvertretender Vorstandsvorsitzender)</li>
<li><a href="https://emr-sb.de/das-emr/vorstand/dr-joerg-ukrow/">Dr. Jörg Ukrow</a> (Zweiter stellvertretender Vorstandsvorsitzender)</li>
<li><a href="https://emr-sb.de/das-emr/vorstand/kristin-benedikt/">Kristin Benedikt</a></li>
<li><a href="https://emr-sb.de/das-emr/vorstand/ross-biggam/">Ross Biggam</a></li>
<li><a href="https://emr-sb.de/das-emr/vorstand/5054-2/">Michael Ellwanger</a></li>
<li><a href="https://emr-sb.de/das-emr/vorstand/sabine-frank/">Sabine Frank</a></li>
<li><a href="https://emr-sb.de/das-emr/vorstand/dr-alexander-kleist/">Dr. Alexander Kleist</a></li>
<li><a href="https://emr-sb.de/das-emr/vorstand/dr-daniel-knapp/">Dr. Daniel Knapp</a></li>
<li><a href="https://emr-sb.de/das-emr/vorstand/richard-deicke/">Sandra Probst</a></li>
<li><a href="https://emr-sb.de/das-emr/vorstand/bernd-radeck/">Bernd Radeck</a></li>
<li><a href="https://emr-sb.de/das-emr/vorstand/felix-seidel/">Felix Seidel</a></li>
<li><a href="https://emr-sb.de/das-emr/vorstand/dr-christopher-wolf-2/">Dr. Christopher Wolf</a></li>
<li><a href="https://emr-sb.de/das-emr/vorstand/peter-matzneller/">Peter Matzneller, LL.M. Eur. (kooptiert)</a></li>
<li><a href="https://emr-sb.de/das-emr/vorstand/dr-martin-rupp/">Dr. Martin Rupp (kooptiert)</a></li>
<li><a href="https://emr-sb.de/das-emr/vorstand/sonnia-wuest/">Sonnia Wüst (kooptiert)</a></li>
</ul>

<p>Der Vorstand des Instituts für Europäisches Medienrecht e.V. besteht aus dem Vorstandsvorsitzenden und mindestens sechs weiteren Mitgliedern. Er ist neben der Mitgliederversammlung ein Organ des Instituts und wird von dieser für die Dauer von vier Jahren gewählt. Seine plurale Zusammensetzung reflektiert den neutralen, Mediensektoren übergreifenden Ansatz des Instituts. Die einschlägigen Fachkenntnisse, Erfahrungen und Interessen der [&hellip;]</p>
