{"id":2843,"date":"2017-11-13T12:20:41","date_gmt":"2017-11-13T11:20:41","guid":{"rendered":"https:\/\/emr-sb.de\/?page_id=2843"},"modified":"2019-05-15T12:41:11","modified_gmt":"2019-05-15T10:41:11","slug":"emr-impulse","status":"publish","type":"page","link":"https:\/\/emr-sb.de\/fr\/emr-impulse\/","title":{"rendered":"EMR Impulse"},"content":{"rendered":"<p>[et_pb_section bb_built=&#8221;1&#8243; _builder_version=&#8221;3.0.64&#8243;][et_pb_row _builder_version=&#8221;3.0.64&#8243;][et_pb_column type=&#8221;4_4&#8243;][et_pb_text _builder_version=&#8221;3.0.64&#8243; background_layout=&#8221;light&#8221; text_orientation=&#8221;left&#8221; border_style=&#8221;solid&#8221;]<\/p>\n<p>Die Reihe \u201eImpulse aus dem EMR\u201c tr\u00e4gt der Rolle des EMR als Forum insbesondere f\u00fcr medien- und informationsrechtliche Debatten an der Schnitte von Rechtspolitik und Rechtsdogmatik Rechnung. Auf der Grundlage eigenst\u00e4ndiger Erfahrungen und Expertise der Impulsgeber werden hier pers\u00f6nliche Diskussionsbeitr\u00e4ge ver\u00f6ffentlicht. Die Beitr\u00e4ge geben keine Position des Instituts wieder und binden nicht dessen Mitglieder.<\/p>\n<p>Bei weiteren Fragen kommen Sie gerne auf uns zu.<\/p>\n<p>[\/et_pb_text][et_pb_blog _builder_version=&#8221;3.0.64&#8243; show_thumbnail=&#8221;on&#8221; show_more=&#8221;on&#8221; show_author=&#8221;off&#8221; show_date=&#8221;on&#8221; show_categories=&#8221;on&#8221; show_comments=&#8221;off&#8221; show_pagination=&#8221;off&#8221; include_categories=&#8221;357&#8243; show_content=&#8221;off&#8221; offset_number=&#8221;0&#8243; use_overlay=&#8221;off&#8221; fullwidth=&#8221;on&#8221; use_dropshadow=&#8221;off&#8221; background_layout=&#8221;light&#8221; border_style=&#8221;solid&#8221; \/][\/et_pb_column][\/et_pb_row][\/et_pb_section]<\/p>\n","protected":false},"excerpt":{"rendered":"<p>Die Reihe \u201eImpulse aus dem EMR\u201c tr\u00e4gt der Rolle des EMR als Forum insbesondere f\u00fcr medien- und informationsrechtliche Debatten an der Schnitte von Rechtspolitik und Rechtsdogmatik Rechnung. Auf der Grundlage eigenst\u00e4ndiger Erfahrungen und Expertise der Impulsgeber werden hier pers\u00f6nliche Diskussionsbeitr\u00e4ge ver\u00f6ffentlicht. Die Beitr\u00e4ge geben keine Position des Instituts wieder und binden nicht dessen Mitglieder. Bei [&hellip;]<\/p>\n","protected":false},"author":1,"featured_media":0,"parent":0,"menu_order":0,"comment_status":"closed","ping_status":"closed","template":"","meta":{"_et_pb_use_builder":"on","_et_pb_old_content":"","_et_gb_content_width":"","footnotes":""},"class_list":["post-2843","page","type-page","status-publish","hentry"],"translation":{"provider":"WPGlobus","version":"3.0.2","language":"fr","enabled_languages":["de","fr","gb"],"languages":{"de":{"title":true,"content":true,"excerpt":false},"fr":{"title":false,"content":false,"excerpt":false},"gb":{"title":false,"content":false,"excerpt":false}}},"_links":{"self":[{"href":"https:\/\/emr-sb.de\/fr\/wp-json\/wp\/v2\/pages\/2843","targetHints":{"allow":["GET"]}}],"collection":[{"href":"https:\/\/emr-sb.de\/fr\/wp-json\/wp\/v2\/pages"}],"about":[{"href":"https:\/\/emr-sb.de\/fr\/wp-json\/wp\/v2\/types\/page"}],"author":[{"embeddable":true,"href":"https:\/\/emr-sb.de\/fr\/wp-json\/wp\/v2\/users\/1"}],"replies":[{"embeddable":true,"href":"https:\/\/emr-sb.de\/fr\/wp-json\/wp\/v2\/comments?post=2843"}],"version-history":[{"count":3,"href":"https:\/\/emr-sb.de\/fr\/wp-json\/wp\/v2\/pages\/2843\/revisions"}],"predecessor-version":[{"id":4782,"href":"https:\/\/emr-sb.de\/fr\/wp-json\/wp\/v2\/pages\/2843\/revisions\/4782"}],"wp:attachment":[{"href":"https:\/\/emr-sb.de\/fr\/wp-json\/wp\/v2\/media?parent=2843"}],"curies":[{"name":"wp","href":"https:\/\/api.w.org\/{rel}","templated":true}]}}

<p>[et_pb_section bb_built=&#8221;1&#8243; _builder_version=&#8221;3.0.64&#8243;][et_pb_row _builder_version=&#8221;3.0.64&#8243;][et_pb_column type=&#8221;4_4&#8243;][et_pb_text _builder_version=&#8221;3.0.64&#8243; background_layout=&#8221;light&#8221; text_orientation=&#8221;left&#8221; border_style=&#8221;solid&#8221;]</p>
<p>Die Reihe „Impulse aus dem EMR“ trägt der Rolle des EMR als Forum insbesondere für medien- und informationsrechtliche Debatten an der Schnitte von Rechtspolitik und Rechtsdogmatik Rechnung. Auf der Grundlage eigenständiger Erfahrungen und Expertise der Impulsgeber werden hier persönliche Diskussionsbeiträge veröffentlicht. Die Beiträge geben keine Position des Instituts wieder und binden nicht dessen Mitglieder.</p>
<p>Bei weiteren Fragen kommen Sie gerne auf uns zu.</p>
<p>[/et_pb_text][et_pb_blog _builder_version=&#8221;3.0.64&#8243; show_thumbnail=&#8221;on&#8221; show_more=&#8221;on&#8221; show_author=&#8221;off&#8221; show_date=&#8221;on&#8221; show_categories=&#8221;on&#8221; show_comments=&#8221;off&#8221; show_pagination=&#8221;off&#8221; include_categories=&#8221;357&#8243; show_content=&#8221;off&#8221; offset_number=&#8221;0&#8243; use_overlay=&#8221;off&#8221; fullwidth=&#8221;on&#8221; use_dropshadow=&#8221;off&#8221; background_layout=&#8221;light&#8221; border_style=&#8221;solid&#8221; /][/et_pb_column][/et_pb_row][/et_pb_section]</p>

<p>Die Reihe „Impulse aus dem EMR“ trägt der Rolle des EMR als Forum insbesondere für medien- und informationsrechtliche Debatten an der Schnitte von Rechtspolitik und Rechtsdogmatik Rechnung. Auf der Grundlage eigenständiger Erfahrungen und Expertise der Impulsgeber werden hier persönliche Diskussionsbeiträge veröffentlicht. Die Beiträge geben keine Position des Instituts wieder und binden nicht dessen Mitglieder. Bei [&hellip;]</p>
