{"id":4355,"date":"2018-12-10T13:38:37","date_gmt":"2018-12-10T12:38:37","guid":{"rendered":"https:\/\/emr-sb.de\/?page_id=4355"},"modified":"2024-05-10T09:08:49","modified_gmt":"2024-05-10T07:08:49","slug":"ufita","status":"publish","type":"page","link":"https:\/\/emr-sb.de\/fr\/publikationen\/fachzeitschriften\/ufita\/","title":{"rendered":"UFITA"},"content":{"rendered":"<p><a href=\"https:\/\/emr-sb.de\/wp-content\/uploads\/2018\/12\/IMG_2996.jpg\"><img loading=\"lazy\" decoding=\"async\" class=\"alignleft size-medium wp-image-4356\" src=\"https:\/\/emr-sb.de\/wp-content\/uploads\/2018\/12\/IMG_2996-194x300.jpg\" alt=\"\" width=\"194\" height=\"300\" srcset=\"https:\/\/emr-sb.de\/wp-content\/uploads\/2018\/12\/IMG_2996-194x300.jpg 194w, https:\/\/emr-sb.de\/wp-content\/uploads\/2018\/12\/IMG_2996-768x1186.jpg 768w, https:\/\/emr-sb.de\/wp-content\/uploads\/2018\/12\/IMG_2996-663x1024.jpg 663w, https:\/\/emr-sb.de\/wp-content\/uploads\/2018\/12\/IMG_2996-1080x1668.jpg 1080w\" sizes=\"(max-width: 194px) 100vw, 194px\" \/><\/a>Die UFITA wurde 1928 als \u201eArchiv f\u00fcr Urheber-, Film- und Theaterrecht\u201c gegr\u00fcndet und geh\u00f6rt seitdem zu den f\u00fchrenden Zeitschriften zum Recht des Geistigen Eigentums. Ab dem Jahr 2018 erscheint sie nach einem Verlagswechsel als neu konzipierte interdisziplin\u00e4re Zeitschrift f\u00fcr Medienrecht und Medienwissenschaft. Als Gemeinschaftsproduktion des EMR und des M\u00fcnchner Instituts f\u00fcr Urheber- und Medienrecht (IUM) wird die UFITA seitdem herausgegeben vom wissenschaftlichen Direktor des EMR (Prof. Dr. Mark D. Cole) gemeinsam mit Prof. Dr. Nadine Klass, LL.M. (Wellington), Direktorin des IUM und verantwortliche Schriftleiterin.<\/p>\n<p>Mit einem Jahresumfang von 400-600 Seiten wird die Zeitschrift halbj\u00e4hrlich erscheinen und neben umfangreichen wissenschaftlichen und praxisorientierten Abhandlungen vertiefte Rezensionen zu ausgew\u00e4hlten Ver\u00f6ffentlichungen sowie u.a. eine deutsche und internationale Zeitschriftenlese enthalten.<\/p>\n<p>Als forschungsorientierte Archivzeitschrift mit wissenschaftlich h\u00f6chstem Anspruch soll die UFITA ein Forum f\u00fcr grundlagenorientierte Abhandlungen zum privaten und \u00f6ffentlichen Urheber- und Medienrecht mit seinen interdisziplin\u00e4ren Bez\u00fcgen sowie zur sozialwissenschaftlich orientierten Kommunikations- und Medienwissenschaft bieten. Dabei soll nicht nur das klassische, auf Einzelmedien ausgerichtete Recht wie das Presse-, Rundfunk- und Multimedia-Recht behandelt, sondern ein kontext\u00fcbergreifender Ansatz verfolgt werden, der das Recht als solches eines konvergenten, digitalisierten Kommunikationsraums versteht. In Aufs\u00e4tzen und Gutachten namhafter Autoren werden grundlegende Fragestellungen und aktuelle Entwicklungen in der Urheber- und Medienrechtswissenschaft mit ihren rechtsphilosophischen, rechtshistorischen, methodologischen sowie \u00f6konomischen Grundlagen adressiert.<\/p>\n<p>Gleichzeitig ist die UFITA k\u00fcnftig auch ein Forum, das interdisziplin\u00e4re Diskussionen sowie Publikationen auf dem Gebiet der Medien- und Kommunikationswissenschaft erm\u00f6glichen soll. Die Verbindungen zu internationaler Forschung sowie ein spezieller, auch rechtsvergleichender Fokus auf das europ\u00e4ische Recht und das V\u00f6lkerrecht sind daher ebenso wichtig wie die Pr\u00e4senz von WissenschaftlerInnen verschiedener disziplin\u00e4rer Herkunft. Auch deshalb wird es vereinzelt Beitr\u00e4ge in englischer Sprache geben.<\/p>\n<p>Bei Interesse an einem regelm\u00e4\u00dfigen Bezug bitten wir Sie, direkt mit dem Verlag in Verbindung zu treten. Weitere Informationen erhalten Sie unter\u00a0<a href=\"https:\/\/www.nomos-shop.de\/UFITA-Archiv-Medienrecht-Medienwissenschaft\/productview.aspx?product=37637\" target=\"_blank\" rel=\"noopener\">https:\/\/www.nomos-shop.de\/UFITA-Archiv-Medienrecht-Medienwissenschaft\/productview.aspx?product=37637<\/a><\/p>\n<p>Sollten Sie gelegentlich Interesse an der Einreichung eines Beitrags haben, stehen wir selbstverst\u00e4ndlich f\u00fcr Fragen zur Verf\u00fcgung. Wenden Sie sich gerne telefonisch (+49 681 9927511) oder per E-Mail (emr@emr-sb.de) an uns.\u00a0<\/p>\n","protected":false},"excerpt":{"rendered":"<p>Die UFITA wurde 1928 als \u201eArchiv f\u00fcr Urheber-, Film- und Theaterrecht\u201c gegr\u00fcndet und geh\u00f6rt seitdem zu den f\u00fchrenden Zeitschriften zum Recht des Geistigen Eigentums. Ab dem Jahr 2018 erscheint sie nach einem Verlagswechsel als neu konzipierte interdisziplin\u00e4re Zeitschrift f\u00fcr Medienrecht und Medienwissenschaft. Als Gemeinschaftsproduktion des EMR und des M\u00fcnchner Instituts f\u00fcr Urheber- und Medienrecht (IUM) [&hellip;]<\/p>\n","protected":false},"author":4,"featured_media":0,"parent":7088,"menu_order":2,"comment_status":"closed","ping_status":"closed","template":"","meta":{"_et_pb_use_builder":"","_et_pb_old_content":"","_et_gb_content_width":"","footnotes":""},"class_list":["post-4355","page","type-page","status-publish","hentry"],"translation":{"provider":"WPGlobus","version":"3.0.2","language":"fr","enabled_languages":["de","fr","gb"],"languages":{"de":{"title":true,"content":true,"excerpt":false},"fr":{"title":false,"content":false,"excerpt":false},"gb":{"title":false,"content":false,"excerpt":false}}},"_links":{"self":[{"href":"https:\/\/emr-sb.de\/fr\/wp-json\/wp\/v2\/pages\/4355","targetHints":{"allow":["GET"]}}],"collection":[{"href":"https:\/\/emr-sb.de\/fr\/wp-json\/wp\/v2\/pages"}],"about":[{"href":"https:\/\/emr-sb.de\/fr\/wp-json\/wp\/v2\/types\/page"}],"author":[{"embeddable":true,"href":"https:\/\/emr-sb.de\/fr\/wp-json\/wp\/v2\/users\/4"}],"replies":[{"embeddable":true,"href":"https:\/\/emr-sb.de\/fr\/wp-json\/wp\/v2\/comments?post=4355"}],"version-history":[{"count":2,"href":"https:\/\/emr-sb.de\/fr\/wp-json\/wp\/v2\/pages\/4355\/revisions"}],"predecessor-version":[{"id":6095,"href":"https:\/\/emr-sb.de\/fr\/wp-json\/wp\/v2\/pages\/4355\/revisions\/6095"}],"up":[{"embeddable":true,"href":"https:\/\/emr-sb.de\/fr\/wp-json\/wp\/v2\/pages\/7088"}],"wp:attachment":[{"href":"https:\/\/emr-sb.de\/fr\/wp-json\/wp\/v2\/media?parent=4355"}],"curies":[{"name":"wp","href":"https:\/\/api.w.org\/{rel}","templated":true}]}}

<p><a href="https://emr-sb.de/wp-content/uploads/2018/12/IMG_2996.jpg"><img loading="lazy" decoding="async" class="alignleft size-medium wp-image-4356" src="https://emr-sb.de/wp-content/uploads/2018/12/IMG_2996-194x300.jpg" alt="" width="194" height="300" srcset="https://emr-sb.de/wp-content/uploads/2018/12/IMG_2996-194x300.jpg 194w, https://emr-sb.de/wp-content/uploads/2018/12/IMG_2996-768x1186.jpg 768w, https://emr-sb.de/wp-content/uploads/2018/12/IMG_2996-663x1024.jpg 663w, https://emr-sb.de/wp-content/uploads/2018/12/IMG_2996-1080x1668.jpg 1080w" sizes="(max-width: 194px) 100vw, 194px" /></a>Die UFITA wurde 1928 als „Archiv für Urheber-, Film- und Theaterrecht“ gegründet und gehört seitdem zu den führenden Zeitschriften zum Recht des Geistigen Eigentums. Ab dem Jahr 2018 erscheint sie nach einem Verlagswechsel als neu konzipierte interdisziplinäre Zeitschrift für Medienrecht und Medienwissenschaft. Als Gemeinschaftsproduktion des EMR und des Münchner Instituts für Urheber- und Medienrecht (IUM) wird die UFITA seitdem herausgegeben vom wissenschaftlichen Direktor des EMR (Prof. Dr. Mark D. Cole) gemeinsam mit Prof. Dr. Nadine Klass, LL.M. (Wellington), Direktorin des IUM und verantwortliche Schriftleiterin.</p>
<p>Mit einem Jahresumfang von 400-600 Seiten wird die Zeitschrift halbjährlich erscheinen und neben umfangreichen wissenschaftlichen und praxisorientierten Abhandlungen vertiefte Rezensionen zu ausgewählten Veröffentlichungen sowie u.a. eine deutsche und internationale Zeitschriftenlese enthalten.</p>
<p>Als forschungsorientierte Archivzeitschrift mit wissenschaftlich höchstem Anspruch soll die UFITA ein Forum für grundlagenorientierte Abhandlungen zum privaten und öffentlichen Urheber- und Medienrecht mit seinen interdisziplinären Bezügen sowie zur sozialwissenschaftlich orientierten Kommunikations- und Medienwissenschaft bieten. Dabei soll nicht nur das klassische, auf Einzelmedien ausgerichtete Recht wie das Presse-, Rundfunk- und Multimedia-Recht behandelt, sondern ein kontextübergreifender Ansatz verfolgt werden, der das Recht als solches eines konvergenten, digitalisierten Kommunikationsraums versteht. In Aufsätzen und Gutachten namhafter Autoren werden grundlegende Fragestellungen und aktuelle Entwicklungen in der Urheber- und Medienrechtswissenschaft mit ihren rechtsphilosophischen, rechtshistorischen, methodologischen sowie ökonomischen Grundlagen adressiert.</p>
<p>Gleichzeitig ist die UFITA künftig auch ein Forum, das interdisziplinäre Diskussionen sowie Publikationen auf dem Gebiet der Medien- und Kommunikationswissenschaft ermöglichen soll. Die Verbindungen zu internationaler Forschung sowie ein spezieller, auch rechtsvergleichender Fokus auf das europäische Recht und das Völkerrecht sind daher ebenso wichtig wie die Präsenz von WissenschaftlerInnen verschiedener disziplinärer Herkunft. Auch deshalb wird es vereinzelt Beiträge in englischer Sprache geben.</p>
<p>Bei Interesse an einem regelmäßigen Bezug bitten wir Sie, direkt mit dem Verlag in Verbindung zu treten. Weitere Informationen erhalten Sie unter <a href="https://www.nomos-shop.de/UFITA-Archiv-Medienrecht-Medienwissenschaft/productview.aspx?product=37637" target="_blank" rel="noopener">https://www.nomos-shop.de/UFITA-Archiv-Medienrecht-Medienwissenschaft/productview.aspx?product=37637</a></p>
<p>Sollten Sie gelegentlich Interesse an der Einreichung eines Beitrags haben, stehen wir selbstverständlich für Fragen zur Verfügung. Wenden Sie sich gerne telefonisch (+49 681 9927511) oder per E-Mail (emr@emr-sb.de) an uns. </p>

<p>Die UFITA wurde 1928 als „Archiv für Urheber-, Film- und Theaterrecht“ gegründet und gehört seitdem zu den führenden Zeitschriften zum Recht des Geistigen Eigentums. Ab dem Jahr 2018 erscheint sie nach einem Verlagswechsel als neu konzipierte interdisziplinäre Zeitschrift für Medienrecht und Medienwissenschaft. Als Gemeinschaftsproduktion des EMR und des Münchner Instituts für Urheber- und Medienrecht (IUM) [&hellip;]</p>
