{"id":657,"date":"2016-12-13T13:30:02","date_gmt":"2016-12-13T12:30:02","guid":{"rendered":"https:\/\/emr-sb.de\/?page_id=657"},"modified":"2024-04-22T08:32:21","modified_gmt":"2024-04-22T06:32:21","slug":"dr-alexander-kleist","status":"publish","type":"page","link":"https:\/\/emr-sb.de\/fr\/das-emr\/vorstand\/dr-alexander-kleist\/","title":{"rendered":"Dr. Alexander Kleist"},"content":{"rendered":"<div id=\"attachment_7066\" style=\"width: 310px\" class=\"wp-caption alignright\"><img loading=\"lazy\" decoding=\"async\" aria-describedby=\"caption-attachment-7066\" class=\"wp-image-7066 size-medium\" src=\"https:\/\/emr-sb.de\/wp-content\/uploads\/2024\/04\/20240421_Vorstand_Bild_DrAlexanderKleist-300x300.jpeg\" alt=\"Vorstandsmitglied Dr. Alexander Kleist\" width=\"300\" height=\"300\" srcset=\"https:\/\/emr-sb.de\/wp-content\/uploads\/2024\/04\/20240421_Vorstand_Bild_DrAlexanderKleist-300x300.jpeg 300w, https:\/\/emr-sb.de\/wp-content\/uploads\/2024\/04\/20240421_Vorstand_Bild_DrAlexanderKleist-150x150.jpeg 150w, https:\/\/emr-sb.de\/wp-content\/uploads\/2024\/04\/20240421_Vorstand_Bild_DrAlexanderKleist.jpeg 358w\" sizes=\"(max-width: 300px) 100vw, 300px\" \/><p id=\"caption-attachment-7066\" class=\"wp-caption-text\">Vorstandsmitglied Dr. Alexander Kleist<\/p><\/div>\n<p class=\"elementToProof\">Dr. Alexander Kleist ist <strong>Head of Instagram &amp; Threads, Public Policy, Europe<\/strong>\u00a0f\u00fcr <strong>Meta<\/strong>. In seiner Rolle verantwortet Kleist innerhalb des Technologiekonzerns die politischen und regulatorischen Themen von Instagram und Threads in Europa. Kleist ist seit Anfang 2020 bei Meta t\u00e4tig und war zuvor in \u00e4hnlicher Funktion f\u00fcr den deutschsprachigen und sp\u00e4ter den mittel- und nordeurop\u00e4ischen Markt verantwortlich. Eines seiner Schwerpunktthemen ist die Sicherheit und das Wohlbefinden junger Nutzer*innen der Dienste des Unternehmens.\u00a0<\/p>\n<p>Vor seiner Zeit bei Meta war der promovierte Medienjurist als Legal Counsel bei der Filmproduktionsgesellschaft UFA t\u00e4tig und verantwortete anschlie\u00dfend als Director Public Policy die medienpolitischen Themen des Kabelnetzbetreibers Unitymedia. Neben seiner T\u00e4tigkeit f\u00fcr Instagram ist Kleist Vorstandsmitglied des Instituts f\u00fcr Europ\u00e4isches Medienrecht EMR e.V. und Mitglied im H\u00f6rfunkrat von Deutschlandradio.<\/p>\n","protected":false},"excerpt":{"rendered":"<p>Dr. Alexander Kleist ist Head of Instagram &amp; Threads, Public Policy, Europe\u00a0f\u00fcr Meta. In seiner Rolle verantwortet Kleist innerhalb des Technologiekonzerns die politischen und regulatorischen Themen von Instagram und Threads in Europa. Kleist ist seit Anfang 2020 bei Meta t\u00e4tig und war zuvor in \u00e4hnlicher Funktion f\u00fcr den deutschsprachigen und sp\u00e4ter den mittel- und nordeurop\u00e4ischen [&hellip;]<\/p>\n","protected":false},"author":1,"featured_media":0,"parent":261,"menu_order":9,"comment_status":"closed","ping_status":"closed","template":"","meta":{"_et_pb_use_builder":"","_et_pb_old_content":"","_et_gb_content_width":"","footnotes":""},"class_list":["post-657","page","type-page","status-publish","hentry"],"translation":{"provider":"WPGlobus","version":"3.0.2","language":"fr","enabled_languages":["de","fr","gb"],"languages":{"de":{"title":true,"content":true,"excerpt":false},"fr":{"title":false,"content":false,"excerpt":false},"gb":{"title":false,"content":false,"excerpt":false}}},"_links":{"self":[{"href":"https:\/\/emr-sb.de\/fr\/wp-json\/wp\/v2\/pages\/657","targetHints":{"allow":["GET"]}}],"collection":[{"href":"https:\/\/emr-sb.de\/fr\/wp-json\/wp\/v2\/pages"}],"about":[{"href":"https:\/\/emr-sb.de\/fr\/wp-json\/wp\/v2\/types\/page"}],"author":[{"embeddable":true,"href":"https:\/\/emr-sb.de\/fr\/wp-json\/wp\/v2\/users\/1"}],"replies":[{"embeddable":true,"href":"https:\/\/emr-sb.de\/fr\/wp-json\/wp\/v2\/comments?post=657"}],"version-history":[{"count":13,"href":"https:\/\/emr-sb.de\/fr\/wp-json\/wp\/v2\/pages\/657\/revisions"}],"predecessor-version":[{"id":7065,"href":"https:\/\/emr-sb.de\/fr\/wp-json\/wp\/v2\/pages\/657\/revisions\/7065"}],"up":[{"embeddable":true,"href":"https:\/\/emr-sb.de\/fr\/wp-json\/wp\/v2\/pages\/261"}],"wp:attachment":[{"href":"https:\/\/emr-sb.de\/fr\/wp-json\/wp\/v2\/media?parent=657"}],"curies":[{"name":"wp","href":"https:\/\/api.w.org\/{rel}","templated":true}]}}

<div id="attachment_7066" style="width: 310px" class="wp-caption alignright"><img loading="lazy" decoding="async" aria-describedby="caption-attachment-7066" class="wp-image-7066 size-medium" src="https://emr-sb.de/wp-content/uploads/2024/04/20240421_Vorstand_Bild_DrAlexanderKleist-300x300.jpeg" alt="Vorstandsmitglied Dr. Alexander Kleist" width="300" height="300" srcset="https://emr-sb.de/wp-content/uploads/2024/04/20240421_Vorstand_Bild_DrAlexanderKleist-300x300.jpeg 300w, https://emr-sb.de/wp-content/uploads/2024/04/20240421_Vorstand_Bild_DrAlexanderKleist-150x150.jpeg 150w, https://emr-sb.de/wp-content/uploads/2024/04/20240421_Vorstand_Bild_DrAlexanderKleist.jpeg 358w" sizes="(max-width: 300px) 100vw, 300px" /><p id="caption-attachment-7066" class="wp-caption-text">Vorstandsmitglied Dr. Alexander Kleist</p></div>
<p class="elementToProof">Dr. Alexander Kleist ist <strong>Head of Instagram &amp; Threads, Public Policy, Europe</strong> für <strong>Meta</strong>. In seiner Rolle verantwortet Kleist innerhalb des Technologiekonzerns die politischen und regulatorischen Themen von Instagram und Threads in Europa. Kleist ist seit Anfang 2020 bei Meta tätig und war zuvor in ähnlicher Funktion für den deutschsprachigen und später den mittel- und nordeuropäischen Markt verantwortlich. Eines seiner Schwerpunktthemen ist die Sicherheit und das Wohlbefinden junger Nutzer*innen der Dienste des Unternehmens. </p>
<p>Vor seiner Zeit bei Meta war der promovierte Medienjurist als Legal Counsel bei der Filmproduktionsgesellschaft UFA tätig und verantwortete anschließend als Director Public Policy die medienpolitischen Themen des Kabelnetzbetreibers Unitymedia. Neben seiner Tätigkeit für Instagram ist Kleist Vorstandsmitglied des Instituts für Europäisches Medienrecht EMR e.V. und Mitglied im Hörfunkrat von Deutschlandradio.</p>

<p>Dr. Alexander Kleist ist Head of Instagram &amp; Threads, Public Policy, Europe für Meta. In seiner Rolle verantwortet Kleist innerhalb des Technologiekonzerns die politischen und regulatorischen Themen von Instagram und Threads in Europa. Kleist ist seit Anfang 2020 bei Meta tätig und war zuvor in ähnlicher Funktion für den deutschsprachigen und später den mittel- und nordeuropäischen [&hellip;]</p>
