{"id":952,"date":"2016-12-16T13:05:26","date_gmt":"2016-12-16T12:05:26","guid":{"rendered":"https:\/\/emr-sb.de\/?page_id=952"},"modified":"2024-08-14T15:16:27","modified_gmt":"2024-08-14T13:16:27","slug":"das-geschaeftsfuehrende-vorstandsmitglied-dr-joerg-ukrow","status":"publish","type":"page","link":"https:\/\/emr-sb.de\/fr\/das-emr\/direktorium\/das-geschaeftsfuehrende-vorstandsmitglied-dr-joerg-ukrow\/","title":{"rendered":"Das gesch\u00e4ftsf\u00fchrende Vorstandsmitglied Dr. J\u00f6rg Ukrow"},"content":{"rendered":"<p><a href=\"https:\/\/emr-sb.de\/wp-content\/uploads\/2016\/12\/EMR_18101723.jpg\"><img loading=\"lazy\" decoding=\"async\" class=\"alignright wp-image-2880 \" src=\"https:\/\/emr-sb.de\/wp-content\/uploads\/2016\/12\/EMR_18101723-300x200.jpg\" alt=\"\" width=\"377\" height=\"251\" srcset=\"https:\/\/emr-sb.de\/wp-content\/uploads\/2016\/12\/EMR_18101723-300x200.jpg 300w, https:\/\/emr-sb.de\/wp-content\/uploads\/2016\/12\/EMR_18101723-768x513.jpg 768w, https:\/\/emr-sb.de\/wp-content\/uploads\/2016\/12\/EMR_18101723-1024x684.jpg 1024w, https:\/\/emr-sb.de\/wp-content\/uploads\/2016\/12\/EMR_18101723-1080x721.jpg 1080w\" sizes=\"(max-width: 377px) 100vw, 377px\" \/><\/a><\/p>\n<p style=\"text-align: left;\"><strong>Dr. J\u00f6rg Ukrow \u00fcbernahm am 01. November 2016 die Funktion als gesch\u00e4ftsf\u00fchrendes Vorstandsmitglied des EMR.<\/strong><\/p>\n<p style=\"text-align: left;\">Bereits im Jahre 2011 wurde er zum zweiten stellvertretenden Vorstandsvorsitzenden des EMR gew\u00e4hlt.<\/p>\n<p>&nbsp;<\/p>\n<p style=\"text-align: left;\">Dr. Ukrow war viele Jahre lang Rundfunkreferent in der Saarl\u00e4ndischen Staatskanzlei sowie Lehrbeauftragter am Europa-Institut, Sektion Rechtswissenschaft. Danach war er stellvertretender Direktor der Landesmedienanstalt Saarland.\u00a0<\/p>\n<p>Seit 1. M\u00e4rz 2024 ist er stv. Direktor der Medienanstalt Rheinland-Pfalz. Seit 14. Mai 2024 Gesch\u00e4ftsf\u00fchrer der LPR-Tr\u00e4gergesellschaft f\u00fcr jugendschutz.net gGmbH.<\/p>\n","protected":false},"excerpt":{"rendered":"<p>Dr. J\u00f6rg Ukrow \u00fcbernahm am 01. November 2016 die Funktion als gesch\u00e4ftsf\u00fchrendes Vorstandsmitglied des EMR. Bereits im Jahre 2011 wurde er zum zweiten stellvertretenden Vorstandsvorsitzenden des EMR gew\u00e4hlt. &nbsp; Dr. Ukrow war viele Jahre lang Rundfunkreferent in der Saarl\u00e4ndischen Staatskanzlei sowie Lehrbeauftragter am Europa-Institut, Sektion Rechtswissenschaft. Danach war er stellvertretender Direktor der Landesmedienanstalt Saarland.\u00a0 Seit [&hellip;]<\/p>\n","protected":false},"author":1,"featured_media":0,"parent":259,"menu_order":11,"comment_status":"closed","ping_status":"closed","template":"","meta":{"_et_pb_use_builder":"","_et_pb_old_content":"","_et_gb_content_width":"","footnotes":""},"class_list":["post-952","page","type-page","status-publish","hentry"],"translation":{"provider":"WPGlobus","version":"3.0.2","language":"fr","enabled_languages":["de","fr","gb"],"languages":{"de":{"title":true,"content":true,"excerpt":false},"fr":{"title":false,"content":false,"excerpt":false},"gb":{"title":false,"content":false,"excerpt":false}}},"_links":{"self":[{"href":"https:\/\/emr-sb.de\/fr\/wp-json\/wp\/v2\/pages\/952","targetHints":{"allow":["GET"]}}],"collection":[{"href":"https:\/\/emr-sb.de\/fr\/wp-json\/wp\/v2\/pages"}],"about":[{"href":"https:\/\/emr-sb.de\/fr\/wp-json\/wp\/v2\/types\/page"}],"author":[{"embeddable":true,"href":"https:\/\/emr-sb.de\/fr\/wp-json\/wp\/v2\/users\/1"}],"replies":[{"embeddable":true,"href":"https:\/\/emr-sb.de\/fr\/wp-json\/wp\/v2\/comments?post=952"}],"version-history":[{"count":18,"href":"https:\/\/emr-sb.de\/fr\/wp-json\/wp\/v2\/pages\/952\/revisions"}],"predecessor-version":[{"id":7176,"href":"https:\/\/emr-sb.de\/fr\/wp-json\/wp\/v2\/pages\/952\/revisions\/7176"}],"up":[{"embeddable":true,"href":"https:\/\/emr-sb.de\/fr\/wp-json\/wp\/v2\/pages\/259"}],"wp:attachment":[{"href":"https:\/\/emr-sb.de\/fr\/wp-json\/wp\/v2\/media?parent=952"}],"curies":[{"name":"wp","href":"https:\/\/api.w.org\/{rel}","templated":true}]}}

Das geschäftsführende Vorstandsmitglied Dr. Jörg Ukrow

<p><a href="https://emr-sb.de/wp-content/uploads/2016/12/EMR_18101723.jpg"><img loading="lazy" decoding="async" class="alignright wp-image-2880 " src="https://emr-sb.de/wp-content/uploads/2016/12/EMR_18101723-300x200.jpg" alt="" width="377" height="251" srcset="https://emr-sb.de/wp-content/uploads/2016/12/EMR_18101723-300x200.jpg 300w, https://emr-sb.de/wp-content/uploads/2016/12/EMR_18101723-768x513.jpg 768w, https://emr-sb.de/wp-content/uploads/2016/12/EMR_18101723-1024x684.jpg 1024w, https://emr-sb.de/wp-content/uploads/2016/12/EMR_18101723-1080x721.jpg 1080w" sizes="(max-width: 377px) 100vw, 377px" /></a></p>
<p style="text-align: left;"><strong>Dr. Jörg Ukrow übernahm am 01. November 2016 die Funktion als geschäftsführendes Vorstandsmitglied des EMR.</strong></p>
<p style="text-align: left;">Bereits im Jahre 2011 wurde er zum zweiten stellvertretenden Vorstandsvorsitzenden des EMR gewählt.</p>
<p>&nbsp;</p>
<p style="text-align: left;">Dr. Ukrow war viele Jahre lang Rundfunkreferent in der Saarländischen Staatskanzlei sowie Lehrbeauftragter am Europa-Institut, Sektion Rechtswissenschaft. Danach war er stellvertretender Direktor der Landesmedienanstalt Saarland. </p>
<p>Seit 1. März 2024 ist er stv. Direktor der Medienanstalt Rheinland-Pfalz. Seit 14. Mai 2024 Geschäftsführer der LPR-Trägergesellschaft für jugendschutz.net gGmbH.</p>

<p>Dr. Jörg Ukrow übernahm am 01. November 2016 die Funktion als geschäftsführendes Vorstandsmitglied des EMR. Bereits im Jahre 2011 wurde er zum zweiten stellvertretenden Vorstandsvorsitzenden des EMR gewählt. &nbsp; Dr. Ukrow war viele Jahre lang Rundfunkreferent in der Saarländischen Staatskanzlei sowie Lehrbeauftragter am Europa-Institut, Sektion Rechtswissenschaft. Danach war er stellvertretender Direktor der Landesmedienanstalt Saarland.  Seit [&hellip;]</p>
