{"id":274,"date":"2016-11-10T14:13:34","date_gmt":"2016-11-10T13:13:34","guid":{"rendered":"http:\/\/emr.eear.eu\/emr_wp\/?page_id=274"},"modified":"2022-02-24T12:29:58","modified_gmt":"2022-02-24T11:29:58","slug":"tagungsberichte","status":"publish","type":"page","link":"https:\/\/emr-sb.de\/gb\/veranstaltungen\/tagungsberichte\/","title":{"rendered":"Tagungsberichte"},"content":{"rendered":"<p>Nachfolgend finden Sie ausgew\u00e4hlte Tagungsberichte unserer Veranstaltungen. Mit einem Klick auf die entsprechende Veranstaltung k\u00f6nnen Sie diese abrufen.\u00a0<\/p>\n<ul class=\"display-posts-listing\"><li class=\"listing-item\"><a class=\"title\" href=\"https:\/\/emr-sb.de\/gb\/rueckblick-ki-nutzungen-am-beispiel-von-audio-ein-blick-in-die-praxis\/\">R\u00fcckblick: KI-Nutzungen am Beispiel von Audio &#8211; Ein Blick in die Praxis<\/a><\/li><li class=\"listing-item\"><a class=\"title\" href=\"https:\/\/emr-sb.de\/gb\/rueckblick-europatag-der-medientage-muenchen-2025-wtfuture\/\">R\u00fcckblick Europatag der Medientage M\u00fcnchen 2025 &#8220;WTFuture?&#8221;<\/a><\/li><li class=\"listing-item\"><a class=\"title\" href=\"https:\/\/emr-sb.de\/gb\/rueckblick-und-audio-on-demand-regulatorischer-rahmen-fuer-die-verbreitung-von-vielfaeltigen-audio-inhalten\/\">R\u00fcckblick und Audio-on-Demand: Regulatorischer Rahmen f\u00fcr die Verbreitung von vielf\u00e4ltigen Audio-Inhalten<\/a><\/li><li class=\"listing-item\"><a class=\"title\" href=\"https:\/\/emr-sb.de\/gb\/vod-und-rueckblick-sind-luegen-geschuetzt\/\">VoD und R\u00fcckblick: Sind L\u00fcgen gesch\u00fctzt?<\/a><\/li><li class=\"listing-item\"><a class=\"title\" href=\"https:\/\/emr-sb.de\/gb\/vod-webinar-entwicklung-der-medienregulierung-spotlight-medienkonzentration\/\">VoD: Webinar Entwicklung der Medienregulierung &#8211; Spotlight Medienkonzentration<\/a><\/li><li class=\"listing-item\"><a class=\"title\" href=\"https:\/\/emr-sb.de\/gb\/7166-2\/\">Intendanten des Deutschlandfunks und Bayerischen Rundfunks beteiligten sich am Symposium des Instituts f\u00fcr Urheber- und Medienrecht (IUM) in Kooperation mit dem EMR<\/a><\/li><li class=\"listing-item\"><a class=\"title\" href=\"https:\/\/emr-sb.de\/gb\/rueckblick-webinar-pay-or-okay-2024\/\">R\u00fcckblick: Webinar &#8220;Pay or Okay&#8221; 2024<\/a><\/li><li class=\"listing-item\"><a class=\"title\" href=\"https:\/\/emr-sb.de\/gb\/vod-der-emfa-ist-da-beginn-eins-neuen-zeitalters-der-eu-medienregulierung\/\">VoD: Der EMFA ist da \u2013 Beginn eines neuen Zeitalters der EU-Medienregulierung?<\/a><\/li><li class=\"listing-item\"><a class=\"title\" href=\"https:\/\/emr-sb.de\/gb\/rueckblick-jahrestagung-zum-europaeischen-medienrecht-2023\/\">R\u00fcckblick: Jahrestagung zum Europ\u00e4ischen Medienrecht 2023<\/a><\/li><li class=\"listing-item\"><a class=\"title\" href=\"https:\/\/emr-sb.de\/gb\/europatag-mtm22\/\">R\u00fcckblick: Europatag bei den Medientagen M\u00fcnchen 2022<\/a><\/li><\/ul>\n<p>&nbsp;<\/p>\n<p>F\u00fcr Tagungsberichte weiter zur\u00fcckliegender Veranstaltungen kontaktieren Sie uns bitte per e-Mail (emr@emr-sb.de) oder telefonisch (+49 (0)681\/906 766 76).\u00a0<\/p>\n","protected":false},"excerpt":{"rendered":"<p>Nachfolgend finden Sie ausgew\u00e4hlte Tagungsberichte unserer Veranstaltungen. Mit einem Klick auf die entsprechende Veranstaltung k\u00f6nnen Sie diese abrufen.\u00a0 &nbsp; F\u00fcr Tagungsberichte weiter zur\u00fcckliegender Veranstaltungen kontaktieren Sie uns bitte per e-Mail (emr@emr-sb.de) oder telefonisch (+49 (0)681\/906 766 76).\u00a0<\/p>\n","protected":false},"author":1,"featured_media":0,"parent":178,"menu_order":0,"comment_status":"closed","ping_status":"closed","template":"","meta":{"_et_pb_use_builder":"","_et_pb_old_content":"","_et_gb_content_width":"","footnotes":""},"class_list":["post-274","page","type-page","status-publish","hentry"],"translation":{"provider":"WPGlobus","version":"3.0.2","language":"gb","enabled_languages":["de","fr","gb"],"languages":{"de":{"title":true,"content":true,"excerpt":false},"fr":{"title":false,"content":false,"excerpt":false},"gb":{"title":false,"content":false,"excerpt":false}}},"_links":{"self":[{"href":"https:\/\/emr-sb.de\/gb\/wp-json\/wp\/v2\/pages\/274","targetHints":{"allow":["GET"]}}],"collection":[{"href":"https:\/\/emr-sb.de\/gb\/wp-json\/wp\/v2\/pages"}],"about":[{"href":"https:\/\/emr-sb.de\/gb\/wp-json\/wp\/v2\/types\/page"}],"author":[{"embeddable":true,"href":"https:\/\/emr-sb.de\/gb\/wp-json\/wp\/v2\/users\/1"}],"replies":[{"embeddable":true,"href":"https:\/\/emr-sb.de\/gb\/wp-json\/wp\/v2\/comments?post=274"}],"version-history":[{"count":6,"href":"https:\/\/emr-sb.de\/gb\/wp-json\/wp\/v2\/pages\/274\/revisions"}],"predecessor-version":[{"id":7157,"href":"https:\/\/emr-sb.de\/gb\/wp-json\/wp\/v2\/pages\/274\/revisions\/7157"}],"up":[{"embeddable":true,"href":"https:\/\/emr-sb.de\/gb\/wp-json\/wp\/v2\/pages\/178"}],"wp:attachment":[{"href":"https:\/\/emr-sb.de\/gb\/wp-json\/wp\/v2\/media?parent=274"}],"curies":[{"name":"wp","href":"https:\/\/api.w.org\/{rel}","templated":true}]}}

<p>Nachfolgend finden Sie ausgewählte Tagungsberichte unserer Veranstaltungen. Mit einem Klick auf die entsprechende Veranstaltung können Sie diese abrufen. </p>
<ul class="display-posts-listing"><li class="listing-item"><a class="title" href="https://emr-sb.de/gb/rueckblick-ki-nutzungen-am-beispiel-von-audio-ein-blick-in-die-praxis/">Rückblick: KI-Nutzungen am Beispiel von Audio &#8211; Ein Blick in die Praxis</a></li><li class="listing-item"><a class="title" href="https://emr-sb.de/gb/rueckblick-europatag-der-medientage-muenchen-2025-wtfuture/">Rückblick Europatag der Medientage München 2025 &#8220;WTFuture?&#8221;</a></li><li class="listing-item"><a class="title" href="https://emr-sb.de/gb/rueckblick-und-audio-on-demand-regulatorischer-rahmen-fuer-die-verbreitung-von-vielfaeltigen-audio-inhalten/">Rückblick und Audio-on-Demand: Regulatorischer Rahmen für die Verbreitung von vielfältigen Audio-Inhalten</a></li><li class="listing-item"><a class="title" href="https://emr-sb.de/gb/vod-und-rueckblick-sind-luegen-geschuetzt/">VoD und Rückblick: Sind Lügen geschützt?</a></li><li class="listing-item"><a class="title" href="https://emr-sb.de/gb/vod-webinar-entwicklung-der-medienregulierung-spotlight-medienkonzentration/">VoD: Webinar Entwicklung der Medienregulierung &#8211; Spotlight Medienkonzentration</a></li><li class="listing-item"><a class="title" href="https://emr-sb.de/gb/7166-2/">Intendanten des Deutschlandfunks und Bayerischen Rundfunks beteiligten sich am Symposium des Instituts für Urheber- und Medienrecht (IUM) in Kooperation mit dem EMR</a></li><li class="listing-item"><a class="title" href="https://emr-sb.de/gb/rueckblick-webinar-pay-or-okay-2024/">Rückblick: Webinar &#8220;Pay or Okay&#8221; 2024</a></li><li class="listing-item"><a class="title" href="https://emr-sb.de/gb/vod-der-emfa-ist-da-beginn-eins-neuen-zeitalters-der-eu-medienregulierung/">VoD: Der EMFA ist da – Beginn eines neuen Zeitalters der EU-Medienregulierung?</a></li><li class="listing-item"><a class="title" href="https://emr-sb.de/gb/rueckblick-jahrestagung-zum-europaeischen-medienrecht-2023/">Rückblick: Jahrestagung zum Europäischen Medienrecht 2023</a></li><li class="listing-item"><a class="title" href="https://emr-sb.de/gb/europatag-mtm22/">Rückblick: Europatag bei den Medientagen München 2022</a></li></ul>
<p>&nbsp;</p>
<p>Für Tagungsberichte weiter zurückliegender Veranstaltungen kontaktieren Sie uns bitte per e-Mail (emr@emr-sb.de) oder telefonisch (+49 (0)681/906 766 76). </p>

<p>Nachfolgend finden Sie ausgewählte Tagungsberichte unserer Veranstaltungen. Mit einem Klick auf die entsprechende Veranstaltung können Sie diese abrufen.  &nbsp; Für Tagungsberichte weiter zurückliegender Veranstaltungen kontaktieren Sie uns bitte per e-Mail (emr@emr-sb.de) oder telefonisch (+49 (0)681/906 766 76). </p>
