{"id":5054,"date":"2020-01-02T12:07:24","date_gmt":"2020-01-02T11:07:24","guid":{"rendered":"https:\/\/emr-sb.de\/?page_id=5054"},"modified":"2023-01-27T13:35:10","modified_gmt":"2023-01-27T12:35:10","slug":"5054-2","status":"publish","type":"page","link":"https:\/\/emr-sb.de\/gb\/das-emr\/vorstand\/5054-2\/","title":{"rendered":"Michael Ellwanger"},"content":{"rendered":"<p><a href=\"https:\/\/emr-sb.de\/wp-content\/uploads\/2022\/12\/Ellwanger.jpg\"><img loading=\"lazy\" decoding=\"async\" class=\"alignleft wp-image-6673 \" src=\"https:\/\/emr-sb.de\/wp-content\/uploads\/2022\/12\/Ellwanger.jpg\" alt=\"\" width=\"421\" height=\"301\" srcset=\"https:\/\/emr-sb.de\/wp-content\/uploads\/2022\/12\/Ellwanger.jpg 1200w, https:\/\/emr-sb.de\/wp-content\/uploads\/2022\/12\/Ellwanger-300x214.jpg 300w, https:\/\/emr-sb.de\/wp-content\/uploads\/2022\/12\/Ellwanger-1024x731.jpg 1024w, https:\/\/emr-sb.de\/wp-content\/uploads\/2022\/12\/Ellwanger-768x548.jpg 768w, https:\/\/emr-sb.de\/wp-content\/uploads\/2022\/12\/Ellwanger-1080x771.jpg 1080w\" sizes=\"(max-width: 421px) 100vw, 421px\" \/><\/a><\/p>\n<p>Michael Ellwanger ist Leiter des Referats Medienrecht, Medienpolitik und Rundfunkwesen im Staatsministerium Baden-W\u00fcrttemberg.<\/p>\n<p>Michael Ellwanger begann seine Karriere als Referent im Justiziariat des S\u00fcdwestrundfunk (SWR) in Stuttgart bevor er als stellvertretender Referatsleiter im Bereich Justiz, Medienrecht, Medienpolitik, Medienstandort Saarland in der Staatskanzlei des Saarlandes in Saarbr\u00fccken wechselte. Danach war er als Leiter des Referats Recht, Wissenschaft, Forschung, Medienpolitik, St\u00e4ndige Vertragskommission, \u00d6ffentlichkeitsarbeit, und Pressesprecher in der Vertretung des Saarlandes beim Bund in Berlin t\u00e4tig bevor er\u00a0 2022 zum Staatsministerium\u00a0 Baden-W\u00fcrttemberg wechselte.\u00a0<\/p>\n","protected":false},"excerpt":{"rendered":"<p>Michael Ellwanger ist Leiter des Referats Medienrecht, Medienpolitik und Rundfunkwesen im Staatsministerium Baden-W\u00fcrttemberg. Michael Ellwanger begann seine Karriere als Referent im Justiziariat des S\u00fcdwestrundfunk (SWR) in Stuttgart bevor er als stellvertretender Referatsleiter im Bereich Justiz, Medienrecht, Medienpolitik, Medienstandort Saarland in der Staatskanzlei des Saarlandes in Saarbr\u00fccken wechselte. Danach war er als Leiter des Referats Recht, [&hellip;]<\/p>\n","protected":false},"author":1,"featured_media":0,"parent":261,"menu_order":0,"comment_status":"closed","ping_status":"closed","template":"","meta":{"_et_pb_use_builder":"","_et_pb_old_content":"","_et_gb_content_width":"","footnotes":""},"class_list":["post-5054","page","type-page","status-publish","hentry"],"translation":{"provider":"WPGlobus","version":"3.0.2","language":"gb","enabled_languages":["de","fr","gb"],"languages":{"de":{"title":true,"content":true,"excerpt":false},"fr":{"title":false,"content":false,"excerpt":false},"gb":{"title":false,"content":false,"excerpt":false}}},"_links":{"self":[{"href":"https:\/\/emr-sb.de\/gb\/wp-json\/wp\/v2\/pages\/5054","targetHints":{"allow":["GET"]}}],"collection":[{"href":"https:\/\/emr-sb.de\/gb\/wp-json\/wp\/v2\/pages"}],"about":[{"href":"https:\/\/emr-sb.de\/gb\/wp-json\/wp\/v2\/types\/page"}],"author":[{"embeddable":true,"href":"https:\/\/emr-sb.de\/gb\/wp-json\/wp\/v2\/users\/1"}],"replies":[{"embeddable":true,"href":"https:\/\/emr-sb.de\/gb\/wp-json\/wp\/v2\/comments?post=5054"}],"version-history":[{"count":7,"href":"https:\/\/emr-sb.de\/gb\/wp-json\/wp\/v2\/pages\/5054\/revisions"}],"predecessor-version":[{"id":6694,"href":"https:\/\/emr-sb.de\/gb\/wp-json\/wp\/v2\/pages\/5054\/revisions\/6694"}],"up":[{"embeddable":true,"href":"https:\/\/emr-sb.de\/gb\/wp-json\/wp\/v2\/pages\/261"}],"wp:attachment":[{"href":"https:\/\/emr-sb.de\/gb\/wp-json\/wp\/v2\/media?parent=5054"}],"curies":[{"name":"wp","href":"https:\/\/api.w.org\/{rel}","templated":true}]}}

<p><a href="https://emr-sb.de/wp-content/uploads/2022/12/Ellwanger.jpg"><img loading="lazy" decoding="async" class="alignleft wp-image-6673 " src="https://emr-sb.de/wp-content/uploads/2022/12/Ellwanger.jpg" alt="" width="421" height="301" srcset="https://emr-sb.de/wp-content/uploads/2022/12/Ellwanger.jpg 1200w, https://emr-sb.de/wp-content/uploads/2022/12/Ellwanger-300x214.jpg 300w, https://emr-sb.de/wp-content/uploads/2022/12/Ellwanger-1024x731.jpg 1024w, https://emr-sb.de/wp-content/uploads/2022/12/Ellwanger-768x548.jpg 768w, https://emr-sb.de/wp-content/uploads/2022/12/Ellwanger-1080x771.jpg 1080w" sizes="(max-width: 421px) 100vw, 421px" /></a></p>
<p>Michael Ellwanger ist Leiter des Referats Medienrecht, Medienpolitik und Rundfunkwesen im Staatsministerium Baden-Württemberg.</p>
<p>Michael Ellwanger begann seine Karriere als Referent im Justiziariat des Südwestrundfunk (SWR) in Stuttgart bevor er als stellvertretender Referatsleiter im Bereich Justiz, Medienrecht, Medienpolitik, Medienstandort Saarland in der Staatskanzlei des Saarlandes in Saarbrücken wechselte. Danach war er als Leiter des Referats Recht, Wissenschaft, Forschung, Medienpolitik, Ständige Vertragskommission, Öffentlichkeitsarbeit, und Pressesprecher in der Vertretung des Saarlandes beim Bund in Berlin tätig bevor er  2022 zum Staatsministerium  Baden-Württemberg wechselte. </p>

<p>Michael Ellwanger ist Leiter des Referats Medienrecht, Medienpolitik und Rundfunkwesen im Staatsministerium Baden-Württemberg. Michael Ellwanger begann seine Karriere als Referent im Justiziariat des Südwestrundfunk (SWR) in Stuttgart bevor er als stellvertretender Referatsleiter im Bereich Justiz, Medienrecht, Medienpolitik, Medienstandort Saarland in der Staatskanzlei des Saarlandes in Saarbrücken wechselte. Danach war er als Leiter des Referats Recht, [&hellip;]</p>
