{"id":5460,"date":"2020-11-03T13:07:44","date_gmt":"2020-11-03T12:07:44","guid":{"rendered":"http:\/\/emr-sb.de\/?page_id=5460"},"modified":"2021-11-23T09:45:34","modified_gmt":"2021-11-23T08:45:34","slug":"felix-seidel","status":"publish","type":"page","link":"https:\/\/emr-sb.de\/gb\/das-emr\/vorstand\/felix-seidel\/","title":{"rendered":"Felix Seidel"},"content":{"rendered":"<div id=\"attachment_5967\" style=\"width: 249px\" class=\"wp-caption alignleft\"><a href=\"https:\/\/emr-sb.de\/wp-content\/uploads\/2021\/11\/Portraitfoto_FS-Kopie-scaled.jpg\"><img loading=\"lazy\" decoding=\"async\" aria-describedby=\"caption-attachment-5967\" class=\" wp-image-5967\" src=\"https:\/\/emr-sb.de\/wp-content\/uploads\/2021\/11\/Portraitfoto_FS-Kopie-scaled.jpg\" alt=\"\" width=\"239\" height=\"338\" srcset=\"https:\/\/emr-sb.de\/wp-content\/uploads\/2021\/11\/Portraitfoto_FS-Kopie-scaled.jpg 1813w, https:\/\/emr-sb.de\/wp-content\/uploads\/2021\/11\/Portraitfoto_FS-Kopie-212x300.jpg 212w, https:\/\/emr-sb.de\/wp-content\/uploads\/2021\/11\/Portraitfoto_FS-Kopie-725x1024.jpg 725w, https:\/\/emr-sb.de\/wp-content\/uploads\/2021\/11\/Portraitfoto_FS-Kopie-768x1085.jpg 768w, https:\/\/emr-sb.de\/wp-content\/uploads\/2021\/11\/Portraitfoto_FS-Kopie-1088x1536.jpg 1088w, https:\/\/emr-sb.de\/wp-content\/uploads\/2021\/11\/Portraitfoto_FS-Kopie-1450x2048.jpg 1450w, https:\/\/emr-sb.de\/wp-content\/uploads\/2021\/11\/Portraitfoto_FS-Kopie-1080x1525.jpg 1080w\" sizes=\"(max-width: 239px) 100vw, 239px\" \/><\/a><p id=\"caption-attachment-5967\" class=\"wp-caption-text\">(c) Fabian Matzerath<\/p><\/div>\n<p>Felix Seidel ist Volljurist und Verlagskaufmann und seit 2005 als Justiziar f\u00fcr die Axel Springer SE und verschiedene ihrer Tochtergesellschaften t\u00e4tig.<\/p>\n<p>Dort ber\u00e4t er insbesondere die Redaktionen und Gesch\u00e4ftsf\u00fchrungen der Medienmarken in allen Fragen des Medien-, Presse-, Urheber-, Wettbewerbs- und Markenrechts. Herr Seidel ist Jugendschutzbeauftragter s\u00e4mtlicher digitaler Medienangebote des Verlags sowie des TV-Senders BILD.<\/p>\n<p>Neben seiner juristischen Ausbildung, u.a. beim Norddeutschen Rundfunk (NDR), erwarb er einen kommunikationswissenschaftlichen Masterabschluss am Institut f\u00fcr Journalistik und Kommunikationsforschung an der Hochschule f\u00fcr Musik, Theater und Medien Hannover.<\/p>\n","protected":false},"excerpt":{"rendered":"<p>Felix Seidel ist Volljurist und Verlagskaufmann und seit 2005 als Justiziar f\u00fcr die Axel Springer SE und verschiedene ihrer Tochtergesellschaften t\u00e4tig. Dort ber\u00e4t er insbesondere die Redaktionen und Gesch\u00e4ftsf\u00fchrungen der Medienmarken in allen Fragen des Medien-, Presse-, Urheber-, Wettbewerbs- und Markenrechts. Herr Seidel ist Jugendschutzbeauftragter s\u00e4mtlicher digitaler Medienangebote des Verlags sowie des TV-Senders BILD. Neben [&hellip;]<\/p>\n","protected":false},"author":4,"featured_media":0,"parent":261,"menu_order":0,"comment_status":"closed","ping_status":"closed","template":"","meta":{"_et_pb_use_builder":"","_et_pb_old_content":"","_et_gb_content_width":"","footnotes":""},"class_list":["post-5460","page","type-page","status-publish","hentry"],"translation":{"provider":"WPGlobus","version":"3.0.2","language":"gb","enabled_languages":["de","fr","gb"],"languages":{"de":{"title":true,"content":true,"excerpt":false},"fr":{"title":false,"content":false,"excerpt":false},"gb":{"title":false,"content":false,"excerpt":false}}},"_links":{"self":[{"href":"https:\/\/emr-sb.de\/gb\/wp-json\/wp\/v2\/pages\/5460","targetHints":{"allow":["GET"]}}],"collection":[{"href":"https:\/\/emr-sb.de\/gb\/wp-json\/wp\/v2\/pages"}],"about":[{"href":"https:\/\/emr-sb.de\/gb\/wp-json\/wp\/v2\/types\/page"}],"author":[{"embeddable":true,"href":"https:\/\/emr-sb.de\/gb\/wp-json\/wp\/v2\/users\/4"}],"replies":[{"embeddable":true,"href":"https:\/\/emr-sb.de\/gb\/wp-json\/wp\/v2\/comments?post=5460"}],"version-history":[{"count":3,"href":"https:\/\/emr-sb.de\/gb\/wp-json\/wp\/v2\/pages\/5460\/revisions"}],"predecessor-version":[{"id":5966,"href":"https:\/\/emr-sb.de\/gb\/wp-json\/wp\/v2\/pages\/5460\/revisions\/5966"}],"up":[{"embeddable":true,"href":"https:\/\/emr-sb.de\/gb\/wp-json\/wp\/v2\/pages\/261"}],"wp:attachment":[{"href":"https:\/\/emr-sb.de\/gb\/wp-json\/wp\/v2\/media?parent=5460"}],"curies":[{"name":"wp","href":"https:\/\/api.w.org\/{rel}","templated":true}]}}

<div id="attachment_5967" style="width: 249px" class="wp-caption alignleft"><a href="https://emr-sb.de/wp-content/uploads/2021/11/Portraitfoto_FS-Kopie-scaled.jpg"><img loading="lazy" decoding="async" aria-describedby="caption-attachment-5967" class=" wp-image-5967" src="https://emr-sb.de/wp-content/uploads/2021/11/Portraitfoto_FS-Kopie-scaled.jpg" alt="" width="239" height="338" srcset="https://emr-sb.de/wp-content/uploads/2021/11/Portraitfoto_FS-Kopie-scaled.jpg 1813w, https://emr-sb.de/wp-content/uploads/2021/11/Portraitfoto_FS-Kopie-212x300.jpg 212w, https://emr-sb.de/wp-content/uploads/2021/11/Portraitfoto_FS-Kopie-725x1024.jpg 725w, https://emr-sb.de/wp-content/uploads/2021/11/Portraitfoto_FS-Kopie-768x1085.jpg 768w, https://emr-sb.de/wp-content/uploads/2021/11/Portraitfoto_FS-Kopie-1088x1536.jpg 1088w, https://emr-sb.de/wp-content/uploads/2021/11/Portraitfoto_FS-Kopie-1450x2048.jpg 1450w, https://emr-sb.de/wp-content/uploads/2021/11/Portraitfoto_FS-Kopie-1080x1525.jpg 1080w" sizes="(max-width: 239px) 100vw, 239px" /></a><p id="caption-attachment-5967" class="wp-caption-text">(c) Fabian Matzerath</p></div>
<p>Felix Seidel ist Volljurist und Verlagskaufmann und seit 2005 als Justiziar für die Axel Springer SE und verschiedene ihrer Tochtergesellschaften tätig.</p>
<p>Dort berät er insbesondere die Redaktionen und Geschäftsführungen der Medienmarken in allen Fragen des Medien-, Presse-, Urheber-, Wettbewerbs- und Markenrechts. Herr Seidel ist Jugendschutzbeauftragter sämtlicher digitaler Medienangebote des Verlags sowie des TV-Senders BILD.</p>
<p>Neben seiner juristischen Ausbildung, u.a. beim Norddeutschen Rundfunk (NDR), erwarb er einen kommunikationswissenschaftlichen Masterabschluss am Institut für Journalistik und Kommunikationsforschung an der Hochschule für Musik, Theater und Medien Hannover.</p>

<p>Felix Seidel ist Volljurist und Verlagskaufmann und seit 2005 als Justiziar für die Axel Springer SE und verschiedene ihrer Tochtergesellschaften tätig. Dort berät er insbesondere die Redaktionen und Geschäftsführungen der Medienmarken in allen Fragen des Medien-, Presse-, Urheber-, Wettbewerbs- und Markenrechts. Herr Seidel ist Jugendschutzbeauftragter sämtlicher digitaler Medienangebote des Verlags sowie des TV-Senders BILD. Neben [&hellip;]</p>
