{"id":7953,"date":"2026-01-06T11:30:58","date_gmt":"2026-01-06T10:30:58","guid":{"rendered":"https:\/\/emr-sb.de\/?page_id=7953"},"modified":"2026-01-06T11:35:38","modified_gmt":"2026-01-06T10:35:38","slug":"peter-matzneller","status":"publish","type":"page","link":"https:\/\/emr-sb.de\/gb\/das-emr\/vorstand\/peter-matzneller\/","title":{"rendered":"Peter Matzneller (kooptiert)"},"content":{"rendered":"<p><a href=\"https:\/\/emr-sb.de\/wp-content\/uploads\/2026\/01\/matzneller.jpg\"><img loading=\"lazy\" decoding=\"async\" class=\"alignleft  wp-image-7954\" src=\"https:\/\/emr-sb.de\/wp-content\/uploads\/2026\/01\/matzneller.jpg\" alt=\"\" width=\"215\" height=\"321\" \/><\/a>Peter Matzneller, LL.M. Eur. ist Manager Global Affairs bei Netflix. In dieser Rolle befasst er sich vor allem mit Kernthemen der europ\u00e4ischen Medienregulierung und ist insbesondere Ansprechpartner f\u00fcr die Medienaufsichtsbeh\u00f6rden in der EU.<\/p>\n<p>Er absolvierte das rechtswissenschaftliche Studium an der Leopold-Franzens-Universit\u00e4t Innsbruck, \u00d6sterreich. Nach Beendigung der praktischen Ausbildung am Oberlandesgericht Innsbruck und in der Tiroler Landesregierung, schloss er 2009 am Europa-Institut der Universit\u00e4t des Saarlandes den postgradualen Masterstudiengang \u201eEurop\u00e4ische Integration\u201c (LL.M. Eur.) ab. Seine Schwerpunkte lagen hierbei auf dem Europ\u00e4ischen Medienrecht und dem Europ\u00e4ischen Wettbewerbsrecht.<\/p>\n<p>Von Januar 2010 bis Mai 2013 war er wissenschaftlicher Mitarbeiter und von Juni 2013 bis Oktober 2015 Gesch\u00e4ftsf\u00fchrer des Instituts f\u00fcr Europ\u00e4isches Medienrecht (EMR).<\/p>\n<p>Von November 2015 bis Februar 2023 war Peter Matzneller Referent f\u00fcr Recht und Europa in der Gemeinsamen Gesch\u00e4ftsstelle der deutschen Medienaufsichtsbeh\u00f6rden in Berlin. Die Gesch\u00e4ftsstelle koordiniert und organisiert die Arbeit der unterschiedlichen Gremien und Kommissionen der 14 Landesmedienanstalten in Deutschland. Dort war er insbesondere t\u00e4tig f\u00fcr den Europabeauftragten der Landesmedienanstalten und unter anderem verantwortlich f\u00fcr die Erarbeitung von medienrechtlichen Positionen und deren Vertretung bei den Organen der Europ\u00e4ischen Union und in den entsprechenden europ\u00e4ischen Verb\u00e4nden.<\/p>\n<p>Von Mai 2021 bis Februar 2023 war Peter Matzneller zudem Mitglied des Vorstands der Europ\u00e4ischen Plattform der Medienregulierungsbeh\u00f6rden (<em>European Platform of Regulatory Authorities, EPRA<\/em>).<\/p>\n<p>Seine T\u00e4tigkeitsschwerpunkte sind neben dem Recht der audiovisuellen Medien insbesondere das europ\u00e4ische Werbe- und Wettbewerbsrecht. Au\u00dferdem befasst er sich mit Fragen rund um Verantwortlichkeiten von Medien- und Diensteanbietern im Internet.<\/p>\n","protected":false},"excerpt":{"rendered":"<p>Peter Matzneller, LL.M. Eur. ist Manager Global Affairs bei Netflix. In dieser Rolle befasst er sich vor allem mit Kernthemen der europ\u00e4ischen Medienregulierung und ist insbesondere Ansprechpartner f\u00fcr die Medienaufsichtsbeh\u00f6rden in der EU. Er absolvierte das rechtswissenschaftliche Studium an der Leopold-Franzens-Universit\u00e4t Innsbruck, \u00d6sterreich. Nach Beendigung der praktischen Ausbildung am Oberlandesgericht Innsbruck und in der Tiroler [&hellip;]<\/p>\n","protected":false},"author":4,"featured_media":0,"parent":261,"menu_order":0,"comment_status":"closed","ping_status":"closed","template":"","meta":{"_et_pb_use_builder":"","_et_pb_old_content":"","_et_gb_content_width":"","footnotes":""},"class_list":["post-7953","page","type-page","status-publish","hentry"],"translation":{"provider":"WPGlobus","version":"3.0.2","language":"gb","enabled_languages":["de","fr","gb"],"languages":{"de":{"title":true,"content":true,"excerpt":false},"fr":{"title":false,"content":false,"excerpt":false},"gb":{"title":false,"content":false,"excerpt":false}}},"_links":{"self":[{"href":"https:\/\/emr-sb.de\/gb\/wp-json\/wp\/v2\/pages\/7953","targetHints":{"allow":["GET"]}}],"collection":[{"href":"https:\/\/emr-sb.de\/gb\/wp-json\/wp\/v2\/pages"}],"about":[{"href":"https:\/\/emr-sb.de\/gb\/wp-json\/wp\/v2\/types\/page"}],"author":[{"embeddable":true,"href":"https:\/\/emr-sb.de\/gb\/wp-json\/wp\/v2\/users\/4"}],"replies":[{"embeddable":true,"href":"https:\/\/emr-sb.de\/gb\/wp-json\/wp\/v2\/comments?post=7953"}],"version-history":[{"count":4,"href":"https:\/\/emr-sb.de\/gb\/wp-json\/wp\/v2\/pages\/7953\/revisions"}],"predecessor-version":[{"id":7961,"href":"https:\/\/emr-sb.de\/gb\/wp-json\/wp\/v2\/pages\/7953\/revisions\/7961"}],"up":[{"embeddable":true,"href":"https:\/\/emr-sb.de\/gb\/wp-json\/wp\/v2\/pages\/261"}],"wp:attachment":[{"href":"https:\/\/emr-sb.de\/gb\/wp-json\/wp\/v2\/media?parent=7953"}],"curies":[{"name":"wp","href":"https:\/\/api.w.org\/{rel}","templated":true}]}}

<p><a href="https://emr-sb.de/wp-content/uploads/2026/01/matzneller.jpg"><img loading="lazy" decoding="async" class="alignleft  wp-image-7954" src="https://emr-sb.de/wp-content/uploads/2026/01/matzneller.jpg" alt="" width="215" height="321" /></a>Peter Matzneller, LL.M. Eur. ist Manager Global Affairs bei Netflix. In dieser Rolle befasst er sich vor allem mit Kernthemen der europäischen Medienregulierung und ist insbesondere Ansprechpartner für die Medienaufsichtsbehörden in der EU.</p>
<p>Er absolvierte das rechtswissenschaftliche Studium an der Leopold-Franzens-Universität Innsbruck, Österreich. Nach Beendigung der praktischen Ausbildung am Oberlandesgericht Innsbruck und in der Tiroler Landesregierung, schloss er 2009 am Europa-Institut der Universität des Saarlandes den postgradualen Masterstudiengang „Europäische Integration“ (LL.M. Eur.) ab. Seine Schwerpunkte lagen hierbei auf dem Europäischen Medienrecht und dem Europäischen Wettbewerbsrecht.</p>
<p>Von Januar 2010 bis Mai 2013 war er wissenschaftlicher Mitarbeiter und von Juni 2013 bis Oktober 2015 Geschäftsführer des Instituts für Europäisches Medienrecht (EMR).</p>
<p>Von November 2015 bis Februar 2023 war Peter Matzneller Referent für Recht und Europa in der Gemeinsamen Geschäftsstelle der deutschen Medienaufsichtsbehörden in Berlin. Die Geschäftsstelle koordiniert und organisiert die Arbeit der unterschiedlichen Gremien und Kommissionen der 14 Landesmedienanstalten in Deutschland. Dort war er insbesondere tätig für den Europabeauftragten der Landesmedienanstalten und unter anderem verantwortlich für die Erarbeitung von medienrechtlichen Positionen und deren Vertretung bei den Organen der Europäischen Union und in den entsprechenden europäischen Verbänden.</p>
<p>Von Mai 2021 bis Februar 2023 war Peter Matzneller zudem Mitglied des Vorstands der Europäischen Plattform der Medienregulierungsbehörden (<em>European Platform of Regulatory Authorities, EPRA</em>).</p>
<p>Seine Tätigkeitsschwerpunkte sind neben dem Recht der audiovisuellen Medien insbesondere das europäische Werbe- und Wettbewerbsrecht. Außerdem befasst er sich mit Fragen rund um Verantwortlichkeiten von Medien- und Diensteanbietern im Internet.</p>

<p>Peter Matzneller, LL.M. Eur. ist Manager Global Affairs bei Netflix. In dieser Rolle befasst er sich vor allem mit Kernthemen der europäischen Medienregulierung und ist insbesondere Ansprechpartner für die Medienaufsichtsbehörden in der EU. Er absolvierte das rechtswissenschaftliche Studium an der Leopold-Franzens-Universität Innsbruck, Österreich. Nach Beendigung der praktischen Ausbildung am Oberlandesgericht Innsbruck und in der Tiroler [&hellip;]</p>
