{"id":7962,"date":"2026-01-06T11:38:21","date_gmt":"2026-01-06T10:38:21","guid":{"rendered":"https:\/\/emr-sb.de\/?page_id=7962"},"modified":"2026-02-12T10:04:42","modified_gmt":"2026-02-12T09:04:42","slug":"dr-martin-rupp","status":"publish","type":"page","link":"https:\/\/emr-sb.de\/gb\/das-emr\/vorstand\/dr-martin-rupp\/","title":{"rendered":"Dr. Martin Rupp (kooptiert)"},"content":{"rendered":"<p><a href=\"https:\/\/emr-sb.de\/wp-content\/uploads\/2026\/02\/Portrait-MRupp.jpg\"><img loading=\"lazy\" decoding=\"async\" class=\"alignleft  wp-image-8023\" src=\"https:\/\/emr-sb.de\/wp-content\/uploads\/2026\/02\/Portrait-MRupp.jpg\" alt=\"\" width=\"355\" height=\"247\" srcset=\"https:\/\/emr-sb.de\/wp-content\/uploads\/2026\/02\/Portrait-MRupp.jpg 1122w, https:\/\/emr-sb.de\/wp-content\/uploads\/2026\/02\/Portrait-MRupp-300x209.jpg 300w, https:\/\/emr-sb.de\/wp-content\/uploads\/2026\/02\/Portrait-MRupp-1024x713.jpg 1024w, https:\/\/emr-sb.de\/wp-content\/uploads\/2026\/02\/Portrait-MRupp-768x535.jpg 768w, https:\/\/emr-sb.de\/wp-content\/uploads\/2026\/02\/Portrait-MRupp-1080x752.jpg 1080w\" sizes=\"(max-width: 355px) 100vw, 355px\" \/><\/a>Dr. Martin Rupp ist Head of Regulatory Affairs &amp; Public Policy bei Sky Deutschland. Bevor er 2020 zu Sky kam, war er in \u00e4hnlichen Positionen bei Vodafone, Kabel Deutschland und dem Verband Deutscher Zeitschriftenverleger (heute: MVFP) t\u00e4tig sowie beim Institut f\u00fcr Europ\u00e4isches Medienrecht (EMR) und der Universit\u00e4t des Saarlandes, wo er im Presse- und Datenschutzrecht promoviert wurde. Seine juristische Ausbildung absolvierte er an der Universit\u00e4t Heidelberg, beim Oberlandesgericht Zweibr\u00fccken sowie bei Polten &amp; Associates in Toronto, Ontario. Er ist Mitglied im VAUNET-Fachbereichsvorstand Fernsehen und Multimedia und stv. Mitglied im Verwaltungsrat der Filmf\u00f6rderungsanstalt (FFA).<\/p>\n","protected":false},"excerpt":{"rendered":"<p>Dr. Martin Rupp ist Head of Regulatory Affairs &amp; Public Policy bei Sky Deutschland. Bevor er 2020 zu Sky kam, war er in \u00e4hnlichen Positionen bei Vodafone, Kabel Deutschland und dem Verband Deutscher Zeitschriftenverleger (heute: MVFP) t\u00e4tig sowie beim Institut f\u00fcr Europ\u00e4isches Medienrecht (EMR) und der Universit\u00e4t des Saarlandes, wo er im Presse- und Datenschutzrecht [&hellip;]<\/p>\n","protected":false},"author":4,"featured_media":0,"parent":261,"menu_order":0,"comment_status":"closed","ping_status":"closed","template":"","meta":{"_et_pb_use_builder":"","_et_pb_old_content":"","_et_gb_content_width":"","footnotes":""},"class_list":["post-7962","page","type-page","status-publish","hentry"],"translation":{"provider":"WPGlobus","version":"3.0.2","language":"gb","enabled_languages":["de","fr","gb"],"languages":{"de":{"title":true,"content":true,"excerpt":false},"fr":{"title":false,"content":false,"excerpt":false},"gb":{"title":false,"content":false,"excerpt":false}}},"_links":{"self":[{"href":"https:\/\/emr-sb.de\/gb\/wp-json\/wp\/v2\/pages\/7962","targetHints":{"allow":["GET"]}}],"collection":[{"href":"https:\/\/emr-sb.de\/gb\/wp-json\/wp\/v2\/pages"}],"about":[{"href":"https:\/\/emr-sb.de\/gb\/wp-json\/wp\/v2\/types\/page"}],"author":[{"embeddable":true,"href":"https:\/\/emr-sb.de\/gb\/wp-json\/wp\/v2\/users\/4"}],"replies":[{"embeddable":true,"href":"https:\/\/emr-sb.de\/gb\/wp-json\/wp\/v2\/comments?post=7962"}],"version-history":[{"count":6,"href":"https:\/\/emr-sb.de\/gb\/wp-json\/wp\/v2\/pages\/7962\/revisions"}],"predecessor-version":[{"id":8026,"href":"https:\/\/emr-sb.de\/gb\/wp-json\/wp\/v2\/pages\/7962\/revisions\/8026"}],"up":[{"embeddable":true,"href":"https:\/\/emr-sb.de\/gb\/wp-json\/wp\/v2\/pages\/261"}],"wp:attachment":[{"href":"https:\/\/emr-sb.de\/gb\/wp-json\/wp\/v2\/media?parent=7962"}],"curies":[{"name":"wp","href":"https:\/\/api.w.org\/{rel}","templated":true}]}}

<p><a href="https://emr-sb.de/wp-content/uploads/2026/02/Portrait-MRupp.jpg"><img loading="lazy" decoding="async" class="alignleft  wp-image-8023" src="https://emr-sb.de/wp-content/uploads/2026/02/Portrait-MRupp.jpg" alt="" width="355" height="247" srcset="https://emr-sb.de/wp-content/uploads/2026/02/Portrait-MRupp.jpg 1122w, https://emr-sb.de/wp-content/uploads/2026/02/Portrait-MRupp-300x209.jpg 300w, https://emr-sb.de/wp-content/uploads/2026/02/Portrait-MRupp-1024x713.jpg 1024w, https://emr-sb.de/wp-content/uploads/2026/02/Portrait-MRupp-768x535.jpg 768w, https://emr-sb.de/wp-content/uploads/2026/02/Portrait-MRupp-1080x752.jpg 1080w" sizes="(max-width: 355px) 100vw, 355px" /></a>Dr. Martin Rupp ist Head of Regulatory Affairs &amp; Public Policy bei Sky Deutschland. Bevor er 2020 zu Sky kam, war er in ähnlichen Positionen bei Vodafone, Kabel Deutschland und dem Verband Deutscher Zeitschriftenverleger (heute: MVFP) tätig sowie beim Institut für Europäisches Medienrecht (EMR) und der Universität des Saarlandes, wo er im Presse- und Datenschutzrecht promoviert wurde. Seine juristische Ausbildung absolvierte er an der Universität Heidelberg, beim Oberlandesgericht Zweibrücken sowie bei Polten &amp; Associates in Toronto, Ontario. Er ist Mitglied im VAUNET-Fachbereichsvorstand Fernsehen und Multimedia und stv. Mitglied im Verwaltungsrat der Filmförderungsanstalt (FFA).</p>

<p>Dr. Martin Rupp ist Head of Regulatory Affairs &amp; Public Policy bei Sky Deutschland. Bevor er 2020 zu Sky kam, war er in ähnlichen Positionen bei Vodafone, Kabel Deutschland und dem Verband Deutscher Zeitschriftenverleger (heute: MVFP) tätig sowie beim Institut für Europäisches Medienrecht (EMR) und der Universität des Saarlandes, wo er im Presse- und Datenschutzrecht [&hellip;]</p>
